19, 8681
List the prime factors of 13670044.
2, 19, 43, 47, 89
List the prime factors of 646270.
2, 5, 64627
List the prime factors of 8551732.
2, 7, 305419
List the prime factors of 10202487.
3, 19, 71, 2521
List the prime factors of 1359190.
2, 5, 7, 19417
What are the prime factors of 23418645?
3, 5, 1561243
List the prime factors of 11834089.
2551, 4639
What are the prime factors of 492489?
3, 54721
List the prime factors of 693584.
2, 67, 647
List the prime factors of 540613.
540613
What are the prime factors of 3759096?
2, 3, 11, 29, 491
What are the prime factors of 21531555?
3, 5, 349, 457
What are the prime factors of 675086?
2, 337543
List the prime factors of 402666.
2, 3, 11, 6101
List the prime factors of 52086.
2, 3, 8681
List the prime factors of 5153110.
2, 5, 515311
What are the prime factors of 55202?
2, 7, 3943
List the prime factors of 157274.
2, 13, 23, 263
What are the prime factors of 36938?
2, 11, 23, 73
List the prime factors of 270220.
2, 5, 59, 229
List the prime factors of 24051605.
5, 71, 67751
List the prime factors of 412114.
2, 17, 23, 31
What are the prime factors of 382372?
2, 109, 877
List the prime factors of 258436.
2, 64609
List the prime factors of 651598.
2, 73, 4463
What are the prime factors of 2028808?
2, 253601
What are the prime factors of 185415?
3, 5, 47, 263
List the prime factors of 232065.
3, 5, 191
List the prime factors of 913145.
5, 181, 1009
List the prime factors of 425785.
5, 31, 41, 67
What are the prime factors of 390131?
7, 55733
List the prime factors of 833781.
3, 13, 21379
List the prime factors of 25775.
5, 1031
List the prime factors of 5593149.
3, 621461
What are the prime factors of 630635?
5, 126127
List the prime factors of 242710.
2, 5, 13, 1867
List the prime factors of 468649.
661, 709
What are the prime factors of 7173829?
13, 97, 5689
List the prime factors of 495856.
2, 17, 1823
What are the prime factors of 621850?
2, 5, 12437
List the prime factors of 612366.
2, 3, 102061
List the prime factors of 1246192.
2, 71, 1097
What are the prime factors of 928947?
3, 23, 13463
What are the prime factors of 85883?
7, 12269
List the prime factors of 6818901.
3, 47, 137, 353
List the prime factors of 92497.
17, 5441
What are the prime factors of 283460?
2, 5, 14173
What are the prime factors of 5885265?
3, 5, 392351
List the prime factors of 2296842.
2, 3, 382807
List the prime factors of 133689.
3, 44563
What are the prime factors of 251279?
7, 35897
List the prime factors of 99757.
7, 14251
List the prime factors of 5425436.
2, 29, 46771
What are the prime factors of 2299081?
43, 127, 421
What are the prime factors of 10068303?
3, 7, 89, 5387
What are the prime factors of 93943?
37, 2539
What are the prime factors of 1212758?
2, 606379
What are the prime factors of 332368?
2, 20773
List the prime factors of 1303339.
17, 76667
What are the prime factors of 8701246?
2, 17, 255919
List the prime factors of 216261.
3, 24029
What are the prime factors of 1483173?
3, 223, 739
List the prime factors of 334600.
2, 5, 7, 239
List the prime factors of 1473585.
3, 5, 31, 3169
List the prime factors of 2729868.
2, 3, 227489
What are the prime factors of 1280124?
2, 3, 439
List the prime factors of 673734.
2, 3, 112289
List the prime factors of 482418.
2, 3, 26801
What are the prime factors of 3810271?
1783, 2137
What are the prime factors of 83299?
83299
List the prime factors of 14937964.
2, 3734491
What are the prime factors of 22351?
7, 31, 103
List the prime factors of 4719565.
5, 943913
What are the prime factors of 27280?
2, 5, 11, 31
List the prime factors of 19619.
23, 853
What are the prime factors of 549852?
2, 3, 45821
List the prime factors of 2876438.
2, 97, 14827
What are the prime factors of 141745?
5, 28349
List the prime factors of 26467749.
3, 7, 11, 29, 439
What are the prime factors of 4123066?
2, 2061533
What are the prime factors of 449679?
3, 149893
List the prime factors of 7753591.
89, 87119
List the prime factors of 1280343.
3, 71, 6011
List the prime factors of 157455.
3, 5, 3499
List the prime factors of 11151462.
2, 3, 7, 265511
List the prime factors of 4884620.
2, 5, 13, 18787
List the prime factors of 1719066.
2, 3, 23, 12457
What are the prime factors of 656367?
3, 137, 1597
What are the prime factors of 3230811?
3, 358979
List the prime factors of 341849.
23, 89, 167
List the prime factors of 5841843.
3, 7, 149, 1867
What are the prime factors of 824887?
7, 117841
What are the prime factors of 23599166?
2, 743, 15881
What are the prime factors of 98357?
7, 14051
What are the prime factors of 327055?
5, 149, 439
What are the prime factors of 3526792?
2, 440849
List the prime factors of 7813654.
2, 3906827
What are the prime factors of 14283339?
3, 7, 680159
What are the prime factors of 832648?
2, 29, 37, 97
What are the prime factors of 10972204?
2, 587, 4673
List the prime factors of 1095545.
5, 11, 19919
List the prime factors of 2141771.
61, 35111
What are the prime factors of 9613282?
2, 7, 97, 7079
What are the prime factors of 574367?
574367
What are the prime factors of 2289211?
2289211
List the prime factors of 14534554.
2, 1109, 6553
List the prime factors of 1147291.
53, 21647
List the prime factors of 5771114.
2, 23, 109, 1151
What are the prime factors of 2387048?
2, 29, 10289
What are the prime factors of 11100212?
2, 311, 8923
What are the prime factors of 502768?
2, 7, 67
List the prime factors of 6069979.
59, 102881
What are the prime factors of 189829?
19, 97, 103
What are the prime factors of 12130405?
5, 7, 127, 2729
What are the prime factors of 6142884?
2, 3, 11, 173, 269
List the prime factors of 522982.
2, 109, 2399
List the prime factors of 16067863.
7, 19, 120811
What are the prime factors of 371696?
2, 13, 1787
What are the prime factors of 1022989?
11, 113, 823
What are the prime factors of 1606178?
2, 7, 47, 2441
List the prime factors of 208992.
2, 3, 7, 311
List the prime factors of 27608415.
3, 5, 1840561
What are the prime factors of 785921?
785921
List the prime factors of 2307448.
2, 11, 13, 2017
What are the prime factors of 137197?
137197
What are the prime factors of 1730437?
1730437
What are the prime factors of 262120?
2, 5, 6553
What are the prime factors of 2064946?
2, 13, 43, 1847
List the prime factors of 7248157.
7, 1035451
What are the prime factors of 3456921?
3, 13, 137, 647
List the prime factors of 342715.
5, 68543
What are the prime factors of 1651358?
2, 825679
List the prime factors of 6028925.
5, 7, 47, 733
List the prime factors of 631468.
2, 157867
List the prime factors of 5270173.
5270173
List the prime factors of 221518.
2, 11, 10069
List the prime factors of 6509.
23, 283
What are the prime factors of 2550234?
2, 3, 425039
What are the prime factors of 1337546?
2, 7, 95539
List the prime factors of 4248941.
47, 90403
List the prime factors of 4540029.
3, 13, 116411
List the prime factors of 698398.
2, 349199
List the prime factors of 3038028.
2, 3, 7, 59, 613
List the prime factors of 4499349.
3, 103, 14561
What are the prime factors of 4932982?
2, 2466491
List the prime factors of 587648.
2, 4591
List the prime factors of 8443833.
3, 139, 20249
List the prime factors of 3166939.
19, 23, 7247
List the prime factors of 16710386.
2, 7, 11, 19, 5711
What are the prime factors of 12392304?
2, 3, 258173
What are the prime factors of 13158483?
3, 13, 337397
What are the prime factors of 72216?
2, 3, 17, 59
What are the prime factors of 724860?
2, 3, 5, 4027
What are the prime factors of 9880833?
3, 113, 29147
What are the prime factors of 3014323?
13, 231871
List the prime factors of 247455.
3, 5, 13, 47
List the prime factors of 521759.
7, 19, 3923
What are the prime factors of 314347?
11, 17, 41
What are the prime factors of 4908136?
2, 199, 3083
List the prime factors of 2002478.
2, 251, 3989
List the prime factors of 9179115.
3, 5, 11, 55631
List the prime factors of 5099587.
5099587
List the prime factors of 16587.
3, 19, 97
What are the prime factors of 18481217?
18481217
List the prime factors of 162954.
2, 3, 11, 823
List the prime factors of 1335837.
3, 445279
What are the prime factors of 315404?
2, 29, 2719
What are the prime factors of 3798318?
2, 3, 633053
List the prime factors of 16419